 -6*u + 656. Let b = u + -76. Calculate the greatest common divisor of 6 and b.
6
Let t(g) = g**3 - 6*g**2 + 12*g - 8. Let h be t(5). What is the highest common divisor of 36 and h?
9
Let y = -42 + 32. Let c be y + 11 + (-3)/((-3)/2). Calculate the greatest common factor of 27 and c.
3
Let i be ((-1 - -4) + -2)*-2. Let a be (93 + -9)/((-2)/i). Suppose 5 + 55 = 5*n. Calculate the greatest common factor of n and a.
12
Let k(g) = 47*g + 2. Suppose -i - 3*h - 11 = 0, -i + 7 = 2*i + h. Let t be k(i). Let o = t - -129. What is the highest common divisor of 29 and o?
29
Suppose i - 3 + 43 = 0. Suppose 4*p - 352 = -4*s - 0*p, 8 = -2*p. Let x = s + i. What is the greatest common factor of x and 13?
13
Suppose -g + 17 = 2*h + 1, 2*g = 3*h + 25. Suppose 3*f = 3*o - 15, 0*o + 4*f + g = 3*o. What is the highest common divisor of 30 and o?
6
Let w(u) = u**2 - 4*u. Let q be w(4). Suppose l + q = -6. Let y = -1 - l. Calculate the highest common divisor of 40 and y.
5
Let c be (714/42)/((-1)/(-4)). What is the greatest common factor of c and 527?
17
Suppose 2*r = 0, -3*r + 0*r - 4 = -2*j. Suppose -j*v + 20 = -36. What is the highest common divisor of 252 and v?
28
Suppose 40 + 47 = 3*c. Let j be 115/9 - (c/(-9) - -3). What is the greatest common divisor of j and 26?
13
Suppose -18*r = -17*r + 5. Let p be (-30 - r)*14/5*-2. Calculate the highest common factor of 20 and p.
20
Let q(t) = -t**2 + 14*t + 4. Suppose 8*v - 28 = 6*v. Let i be q(v). What is the highest common divisor of i and 36?
4
Suppose -3*z - z - c + 8 = 0, -5*z - 2*c = -10. Calculate the greatest common divisor of z and 50.
2
Let m = 46 - 30. Suppose -672 = -2*j - 12*j. Calculate the highest common factor of j and m.
16
Suppose -7*b = b - 72. Suppose -b*c = -8*c - 1. What is the greatest common divisor of 13 and c?
1
Let t be 16/(-1)*(-7)/(-84)*-3. Suppose -2*s = -3*o + s + 27, -2*o + s = -17. Calculate the greatest common factor of o and t.
4
Let u be 8 + 0 - (-1 + 1). Suppose -y - 383*w + 386*w + 85 = 0, -2*w + 2 = 0. What is the greatest common divisor of u and y?
8
Suppose -198 + 22 = -7*z + 2*c, -3*c = -2*z + 43. Let d = 102 - -132. What is the highest common factor of z and d?
26
Let m(v) = 2*v**2 + 4*v - 1. Let s be m(-3). Let u = 5 + 15. Suppose -q - u = -5*q. What is the highest common factor of s and q?
5
Suppose -k + 4*u + 22 = -0*k, 58 = 2*k - u. Let d(y) = -10*y**3 + y**2 - 52*y - 53. Let c be d(-1). Calculate the highest common divisor of c and k.
10
Let v = -59 + 75. What is the highest common factor of v and 52?
4
Let c be 9/2*8/18. Suppose 4*q = c*m + 2*m + 48, 2*q - 5*m - 39 = 0. Suppose 5*h - 52 = 3*v, 5*v - 1 + q = h. What is the highest common factor of h and 11?
11
Let c = 13 + -43. Let x = c + 48. What is the greatest common factor of 9 and x?
9
Let u be 2/(1 - (-2 - -1)). Suppose 0 = -3*v - 6, 5*b + 3*v - v - u = 0. Calculate the greatest common factor of b and 11.
1
Let d be 210/5 + 1*-6. What is the greatest common divisor of d and 396?
36
Let c(k) = -k**3 + 13*k**2 - 11*k + 11. Let t = 33 + -19. Let i be c(t). Let s = -222 - i. What is the greatest common divisor of 13 and s?
13
Let j(d) = d**2 - 18*d + 22. Let u(l) = -2*l**2 + 37*l - 44. Let t(k) = 5*j(k) + 2*u(k). Let b be t(17). What is the highest common factor of b and 13?
13
Let x be (4/5)/(-3 - 292/(-100)). Let l be ((-3)/(-2))/(6/(-8))*x. Calculate the greatest common factor of 180 and l.
20
Let n = 65 + -65. Suppose n = -2*f + 576 - 30. What is the greatest common divisor of f and 39?
39
Let d = 674 + -610. Calculate the greatest common divisor of 176 and d.
16
Let k(o) be the first derivative of 0*o - 3/2*o**2 - 6. Let a be k(-6). What is the highest common divisor of a and 126?
18
Let v be (-21)/(-9) - (-6)/9. Suppose -2*y + 1460 = v*s, s + 2448 = 6*s - 4*y. Let g be s/14 - 3/(-21). Calculate the greatest common divisor of g and 14.
7
Let t = 5 - 13. Let d = -6 - t. Let l(b) = 4*b**2. Let q be l(2). What is the highest common divisor of q and d?
2
Let k(i) = -i**2 + 154. Let v = -6 - -6. Let z be k(v). Let y(d) = d**2 - 7*d - 4. Let g be y(9). Calculate the greatest common factor of z and g.
14
Let r = 28 + -38. Let o be 0 - 4/4*r. Calculate the highest common divisor of o and 10.
10
Let a = -109 + 199. Let r be a*(-1 - 3/(-5)). Let k be (-5552)/r + (-2)/9. Calculate the highest common divisor of k and 22.
22
Let t be (-200)/30 - (-1 + 3/9). Let d(k) = -2*k**3 - 7*k**2 + 14*k + 12. Let f be d(t). Calculate the greatest common factor of 27 and f.
27
Let q(c) = 10*c**2 + 2. Let z be q(2). Suppose 5*d = 4*n + d - 268, 0 = -4*n + d + 277. Suppose 15*o = 20*o - n. What is the highest common divisor of z and o?
14
Let z(b) = -b**2 + 10*b - 9. Let d be z(5). What is the highest common divisor of d and 64?
16
Suppose 4*t + t = 75. Suppose t = 2*p - 5. Suppose -k + p = -26. What is the greatest common divisor of 4 and k?
4
Suppose -l + 0*l + 81 = 0. Let x be (-6 - -8)/(6/l). Suppose 2*w = 39 - 3. Calculate the greatest common divisor of x and w.
9
Suppose 27 = -4*s - n, -5*s - 36 = 4*n - 2*n. Let k(x) = x**2 - 11. Let f be k(s). Calculate the greatest common factor of f and 225.
25
Let j(t) = t**2 - 66*t - 18. Let o be j(-14). Calculate the highest common factor of o and 38.
38
Let f(p) = p**3 + 9*p**2 + 5*p - 18. Let v be f(-8). Suppose 1 = v*m - 5*m. What is the greatest common factor of m and 8?
1
Let h = 18 - 16. Suppose -111 = -h*s - 4*p - 35, -2*p - 82 = -3*s. Calculate the greatest common factor of 36 and s.
6
Suppose 2*m + 265 = 6*m - 5*s, -3*m = s - 213. Let w(n) = 5*n - 6. Let y be w(4). What is the greatest common factor of m and y?
14
Let o(d) = 14*d + 1 - 9 + 2*d**2 - 5 - 3. Let t be o(-9). Let f = 41 - -59. Calculate the highest common factor of t and f.
20
Let y = 599 - 312. Let c be (-2)/16 + y/56. What is the greatest common factor of 2 and c?
1
Let w(z) = z + 9. Let l be w(0). Let u = l - 7. Suppose 4*h + 2*g = u, 5*h + 0 = -2*g + 4. What is the greatest common divisor of 22 and h?
2
Let b = 17 + -16. Suppose 0*l = 5*l - 5. Let z = 8 - l. Calculate the greatest common factor of b and z.
1
Suppose -624*m = -623*m - 64. What is the highest common factor of m and 4?
4
Let l(p) = 2*p**2 + 29*p - 2. Let s be l(-15). What is the greatest common divisor of 143 and s?
13
Let k be (54/(-4))/(-2*27/2016). Suppose 5*t = 2*n - k, -3*t - 2*t = 3*n - 706. Calculate the highest common divisor of n and 22.
22
Let l(t) = 17*t**2 + 12*t + 26. Let p be l(-5). Calculate the highest common factor of 115 and p.
23
Suppose -79*y = -92*y + 936. What is the highest common factor of y and 9?
9
Let s be (-13)/(-65) + (-508)/(-10). Let c(d) = 3*d**2 - 2*d - 4. Let k be c(3). Calculate the greatest common factor of s and k.
17
Suppose -22 = -3*g + 32. Let j(l) = -17*l**3 + l + 2. Let y be j(-1). Calculate the greatest common divisor of y and g.
18
Suppose -27*u = -23*u + 32. Let m = 20 + u. Calculate the greatest common factor of m and 60.
12
Let t = 190 + -124. Suppose 0 = -3*z - 4*p - 28, -6*p = 4*z - p + 36. Let n = z - -10. Calculate the greatest common divisor of n and t.
6
Suppose -3*n - 3*p = p - 96, 0 = n - 2*p - 42. What is the highest common factor of 486 and n?
18
Suppose -4*p + 18 = -2*p. Suppose 33*i = 11*i + 396. What is the highest common factor of p and i?
9
Let g(x) = x**3 + 17*x**2 + 6*x + 125. Let q be g(-17). Calculate the highest common divisor of q and 1127.
23
Let y = -920 + 931. What is the greatest common divisor of y and 891?
11
Suppose 2*k = -5*j + 62, 9*k - 13*k - 3*j = -124. Calculate the highest common divisor of 248 and k.
31
Suppose 0*q - 6*q + 78 = 0. Let c = q + -9. Calculate the highest common divisor of 4 and c.
4
Let x = -23 - -37. Let n(d) = -3*d - 15. Let v(w) = -w**2 - w - 6. Let l be v(-3). Let r be n(l). What is the highest common factor of x and r?
7
Suppose 163 = -2*n + x, -4*n = -5*x + 4*x + 321. Let i = 343 + n. Let m = -9527 - -9560. Calculate the highest common factor of m and i.
33
Suppose -q + 34 = 5*h, -34 = -7*q + 6*q + 4*h. What is the highest common divisor of q and 1?
1
Suppose 5*m + 0*m + 250 = 0. Let a = 59 + m. What is the greatest common divisor of a and 3?
3
Let j(s) = -s + 1. Let h be j(-3). Suppose -h*q = -65 - 247. Calculate the highest common factor of q and 52.